ase 4, what is 130 + 12103200032?
12103200222
In base 10, what is -6 - 182098?
-182104
In base 6, what is -50012300353 + 5?
-50012300344
In base 7, what is 6350 - -6422?
16102
In base 7, what is 312234 - 513?
311421
In base 3, what is 11022102 + -1000002?
10022100
In base 11, what is 95 + 38a8?
3992
In base 7, what is -2022044 - 3236?
-2025313
In base 11, what is -a - -aa644?
aa635
In base 3, what is 210100 + 2010201220?
2011112020
In base 3, what is -120212010 + -111222121?
-1002211201
In base 11, what is -3728202 - -2?
-3728200
In base 12, what is -1a5 - 6278?
-6461
In base 10, what is -4247930 - -4?
-4247926
In base 15, what is 19d36 + -112?
19c24
In base 7, what is 1611 + 1040534?
1042445
In base 8, what is 41 - 33425127?
-33425066
In base 14, what is -68d8518 - -5?
-68d8513
In base 3, what is 200001121 - -201211?
200210102
In base 2, what is 10010 + -101110110001000011010111011?
-101110110001000011010101001
In base 7, what is -112115116 - 4?
-112115123
In base 10, what is -9 + 463115?
463106
In base 10, what is 78592981 - 0?
78592981
In base 6, what is -1451 + 3134442?
3132551
In base 5, what is -224324341040 - -4?
-224324341031
In base 13, what is 3a99c + 144?
3ab13
In base 11, what is -1a4 + 6810?
6617
In base 11, what is 592472 - -227?
592699
In base 11, what is -1396353 + -7?
-139635a
In base 3, what is 212 - -2002122012110202?
2002122012111121
In base 15, what is 137eae + 154?
138113
In base 13, what is 31b45b - 3?
31b458
In base 15, what is a1 - 2da53?
-2d9a2
In base 5, what is 1032022024 - -22?
1032022101
In base 14, what is 1bbc + 18ba?
3698
In base 16, what is -34a7d + 8cd?
-341b0
In base 16, what is 1136 + 276b?
38a1
In base 8, what is 321276005 - -2?
321276007
In base 9, what is -1 - -1143056?
1143055
In base 6, what is 44435130 - 4?
44435122
In base 14, what is -aba5 - 260b?
-d3b2
In base 7, what is -3442031 - 15?
-3442046
In base 3, what is 112022011 + 20012100?
202111111
In base 14, what is -72256a + 38?
-722532
In base 4, what is 1101131 + 1131122?
2232313
In base 7, what is 43124 + -44021?
-564
In base 9, what is -307 - 12018?
-12326
In base 16, what is c4676 - e?
c4668
In base 10, what is -103569 - -1459?
-102110
In base 11, what is -91a79 - -1298?
-90791
In base 16, what is -5 + -1dda5f3?
-1dda5f8
In base 12, what is -4b2a9 - -225?
-4b084
In base 8, what is 17662655 + 12?
17662667
In base 10, what is -3 - -12379640?
12379637
In base 12, what is -7a18190 - 3?
-7a18193
In base 9, what is 20145786 - 2?
20145784
In base 15, what is -2 + a162d?
a162b
In base 15, what is -473 + -2d222?
-2d695
In base 7, what is 11 + 362243221?
362243232
In base 14, what is -3197 - 27c?
-3435
In base 11, what is -1 + -2241202?
-2241203
In base 13, what is -3854c9 - -264?
-385265
In base 11, what is 244 - -958840?
958a84
In base 10, what is -5 - 3690467?
-3690472
In base 5, what is 3 + 110310213?
110310221
In base 11, what is -11905152a - -3?
-119051527
In base 15, what is -20 - 18e63a?
-18e65a
In base 5, what is -211 + 32223101?
32222340
In base 3, what is -202 - -2010001121?
2010000212
In base 14, what is 206d3 - 17?
206ba
In base 9, what is 100446 - -888?
101445
In base 12, what is -1 - -331640a?
3316409
In base 8, what is 23014246 - -1?
23014247
In base 9, what is 640 + -632?
7
In base 7, what is -636224 + -163?
-636420
In base 7, what is -5322 + -214?
-5536
In base 3, what is 10 - -2022001210020?
2022001210100
In base 16, what is 32bcfc4 + 3?
32bcfc7
In base 14, what is 1 - 23057d3?
-23057d2
In base 8, what is -1410 + -4271670?
-4273300
In base 3, what is -111 - -1121112210012011?
1121112210011200
In base 10, what is -1020653 + -4?
-1020657
In base 12, what is -5564931 + -1?
-5564932
In base 2, what is 10001101001000011011110110 + 101?
10001101001000011011111011
In base 12, what is -33524 - -499?
-33047
In base 10, what is -216995 + 196?
-216799
In base 13, what is 5a127 + -66?
5a091
In base 11, what is -5201 + 762a?
2429
In base 8, what is -361567657 + 2?
-361567655
In base 14, what is -1a7adc + 1?
-1a7adb
In base 3, what is 10210010 + -12010022?
-1100012
In base 14, what is -64 + -1d871?
-1d8d5
In base 3, what is 11112111201 - -1102222?
11120221200
In base 9, what is 137062818 + 2?
137062821
In base 6, what is 11005 + -13425501?
-13414452
In base 15, what is 52 - -78826?
78878
In base 3, what is -1102 - -102101002211?
102101001102
In base 9, what is -58608 - -12683?
-45815
In base 6, what is -14 + -100311222?
-100311240
In base 8, what is -2 + 13366707?
13366705
In base 4, what is -11 - -100222130012?
100222130001
In base 11, what is -1348a + 2778?
-10812
In base 14, what is 2bb + 3b88b?
3bb68
In base 15, what is a + c4c7d6?
c4c7e1
In base 7, what is -3 + 15602640?
15602634
In base 4, what is 1202010132 + -1301?
1202002231
In base 7, what is -5 - -266141116?
266141111
In base 3, what is -101 - 1222220111001?
-1222220111102
In base 4, what is 23130120232 - 10?
23130120222
In base 13, what is 493b02 - 2?
493b00
In base 3, what is -1212 - 2112102100102?
-2112102102021
In base 13, what is 203 + a36c9?
a38cc
In base 15, what is 6de6 + -1c6?
6c20
In base 3, what is 1000 - 212211112110?
-212211111110
In base 12, what is -2417 - 87443?
-8985a
In base 4, what is -2010112 - -200300?
-1203212
In base 5, what is -21203 + 421300?
400042
In base 8, what is 111133477 - -1?
111133500
In base 2, what is 11 - -111100010001001010100101?
111100010001001010101000
In base 3, what is -122200 + -120002200001?
-120010022201
In base 14, what is 5bd99b + -3?
5bd998
In base 6, what is 3 + 250453401?
250453404
In base 11, what is -111607237 - 5?
-111607241
In base 6, what is -35543231 + 13?
-35543214
In base 14, what is -a7513cb3 + 5?
-a7513cac
In base 3, what is 12110 - 1001210000212?
-1001202211102
In base 15, what is -2196 + 1065?
-1131
In base 9, what is -8232 + 5601?
-2531
In base 11, what is 5 + -152554a?
-1525545
In base 16, what is -5 - -d2de63e?
d2de639
In base 8, what is -1 - -24277645?
24277644
In base 15, what is 1db - 3b70e?
-3b523
In base 5, what is -42011 + -212?
-42223
In base 8, what is -31100 - 22747?
-54047
In base 8, what is 5601547 + -1100?
5600447
In base 16, what is -54c46 + -b?
-54c51
In base 3, what is -212201112 - 1101102?
-221002221
In base 11, what is 489973 + 278?
48a140
In base 5, what is 1322341344 + 33?
1322341432
In base 3, what is 20120122102 - -100?
20120122202
In base 5, what is 3 - 1322004320042?
-1322004320034
In base 8, what is 3577 + -75321?
-71522
In base 2, what is 11 - 101010111110111001001011?
-101010111110111001001000
In base 15, what is a78 - 1a9e?
-1026
In base 8, what is -566 - 125276?
-126064
In base 13, what is -763c8c - -8?
-763c84
In base 16, what is -1 - fe2e9?
-fe2ea
In base 10, what is -963 - 66643?
-67606
In base 6, what is -51020 + -10131?
-101151
In base 2, what is 10011 - 10001110000000101?
-10001101111110010
In base 7, what is -103 - 2543345?
-2543451
In base 11, what is -105812a - 14?
-1058143
In base 3, what is -1200 + 1200121101211?
1200121100011
In base 14, what is 1 - 19d357d0?
-19d357cd
In base 6, what is 5 - 142221231?
-142221222
In base 15, what is 3 - 5adba4?
-5adba1
In base 12, what is a - 416310?
-416302
In base 16, what is 70c6c95 - -5?
70c6c9a
In base 14, what is -3 + ab3085?
ab3082
In base 14, what is -98802 + 9?
-987d7
In base 4, what is 3 - 322203201030?
-322203201021
In base 8, what is -1 + 160044020?
160044017
In base 15, what is -1aedba + 7?
-1aedb3
In base 9, what is -4856 + -35406?
-41363
In base 16, what is -5 - da6249?
-da624e
In base 10, what is -533347 - -10?
-533337
In base 9, what is -4 - -264823513?
264823508
In base 7, what is -120505 - 33616?
-154424
In base 8, what is -17214311 - -102?
-17214207
In base 9, what is 1261 - 1257?
3
In base 16, what is 0 - 122cf7?
-122cf7
In base 15, what is -3e17c + 32?
-3e14a
In base 9, what is 110753554 + -2?
110753552
In base 8, what is 10273 - 225405?
-215112
In base 2, what is -11111000110101011111101 + 1110?
-11111000110101011101111
In base 2, what is -101100100011111101100111 - 110110?
-101100100011111110011101
In base 3, what is -1012101122101112 - 1102?
-1012101122102221
In base 15, what is 1 - 5493a0?
-54939e
In base 14, what is -1d + -28432b?
-28434a
In base 11, what is -49365 - 4?
-49369
In base 15, what is -6ea - -1cc8?
15cd
In b